a be (6/12)/((-3)/(-174)). What is the greatest common divisor of a and i?
29
Let q(n) = 206*n**2 + 171*n + 177. Let h be q(-8). What is the greatest common factor of h and 358?
179
Let s = 1779 + -1176. Let i be (4 - 8) + s + 6 + 0. Calculate the greatest common factor of i and 55.
55
Let o(v) = -v**3 - 10*v**2 + 13*v + 77. Let a be o(-14). What is the highest common divisor of 291 and a?
97
Suppose 0 = -48*i + 4860 - 3660. What is the highest common divisor of 750 and i?
25
Let x be (40/6)/((-12)/(-378)). Let o be ((-5)/(-1) + (43 - 32))*252/16. Calculate the greatest common divisor of o and x.
42
Suppose 4*z = -2*h + 42, 0 = -3*z - 2*z + 3*h + 47. Let q be 4/(6*(-12)/(-90)). Suppose 0 = l - 5 - q. Calculate the highest common divisor of l and z.
10
Let s = -273 - 3. Let y be (4 - s/(-15))*-5. Let h = y + -61. Calculate the greatest common divisor of h and 209.
11
Let p be -12*(-1 - (-1)/4). Let u(c) = -c**3 - 17*c**2 - 2*c - 7. Let i be u(-18). Let t = 354 - i. Calculate the greatest common divisor of p and t.
1
Suppose 91*q - 19843 = -4373. What is the highest common divisor of 4 and q?
2
Let f(t) = -t**3 + 15*t**2 + t - 13. Let b be f(15). Let x(w) = -1 + w + 6*w + b - 4*w. Let l be x(5). What is the greatest common divisor of 48 and l?
16
Suppose 57*r + 12274 - 13979 = 65726. Calculate the greatest common factor of r and 507.
169
Let p be ((-166)/(-4))/(1/(-14)). Let s = p + 592. Calculate the greatest common factor of s and 869.
11
Let q(o) = -49*o + 2017. Let y be q(40). Suppose 0 = k - 7*k + 30. Suppose 193 = k*d - t, t - 35 = 4*d - 190. Calculate the greatest common factor of d and y.
19
Let f(g) = g**3 + 9*g**2 + 13*g + 11. Let r be f(-3). Suppose r*k = 17*k + 162. What is the greatest common factor of k and 48?
6
Suppose -45 = -5*c + 5*u, 3*c = 5*c + 2*u - 34. Let g(t) = 81*t + 5. Let x be g(-2). Let o = 248 + x. What is the highest common factor of o and c?
13
Suppose -2*h + 11 + 33 = -q, -3*h + 4*q = -61. Suppose -8*r = -14*r + 462. Let z = r + -54. Calculate the highest common factor of h and z.
23
Suppose -514086 + 457652 = -20*p + 1095346. What is the greatest common factor of p and 133?
133
Suppose -39*r = -38*r - 50. Let j be ((-80)/r)/((-2)/80). Calculate the highest common factor of 160 and j.
32
Suppose 3*n - 25 = 5*r, -2*n - 2*r + 4 = -2. Suppose n*u - 63 = 27. Suppose 15*t - u*t + 72 = 0. What is the greatest common factor of 8 and t?
8
Let p be (-5)/((-4)/(-6) - 1). Suppose 472 = j + 2*c, 2*j - 468 = j - 3*c. What is the highest common factor of p and j?
15
Let h(d) = 61*d - 63. Let x be h(-4). Let g = -297 - x. What is the greatest common divisor of g and 95?
5
Suppose 23*x - 5643 - 521 = 0. Calculate the greatest common factor of x and 2278.
134
Let o(m) be the second derivative of m**5/20 - 2*m**4/3 - 7*m**3/3 + 27*m**2 - 192*m. Let y be o(10). Calculate the greatest common factor of y and 266.
38
Suppose 53 = -2*b + 55, 3*b = 4*t - 4353. Calculate the greatest common factor of t and 18.
9
Let s(t) = 89*t**2 + 2*t - 1. Let w be s(-2). Let k be (-40887)/63 + 3*1/1. Let c = k + 685. What is the highest common factor of c and w?
39
Let v(n) = 214*n - 1036. Let l be v(7). Calculate the highest common factor of l and 105.
21
Let q be ((-6)/4)/((-6)/84). Let c(o) = 2*o + 6. Let y be c(-2). Suppose -y*u + 9*u - q = 0. Calculate the greatest common factor of 3 and u.
3
Let q = -4074 - -4451. Calculate the highest common divisor of 435 and q.
29
Suppose 5*s = 15, -4*f + 6192 = f + 4*s. Calculate the greatest common factor of f and 12.
12
Suppose g = -y + 12, y - 4*g - 6 = 31. Suppose -y = 2*p - 9. Let f be (18/15)/(p/(-120)). What is the highest common factor of 90 and f?
18
Suppose 1034*w = 1088*w - 212382. Calculate the greatest common factor of 161 and w.
23
Let p be ((-180)/(-35))/((-3)/(-14)). Suppose 5*h - p = h. Suppose -110 = -h*u + 1030. What is the highest common factor of 38 and u?
38
Let h be 9950 + 10 + -3 + (-78)/13. What is the greatest common divisor of h and 155?
31
Let k = -18337 - -18916. Calculate the greatest common divisor of 1351 and k.
193
Let b be (26/8 - 4)*14336/(-336). What is the greatest common factor of b and 15968?
32
Suppose -5*t = 46*x - 49*x + 299, -2*t + 10 = 0. Calculate the greatest common factor of 2664 and x.
36
Let w = -19907 - -20057. Calculate the highest common factor of 12 and w.
6
Let r = 134992 + -57220. What is the highest common divisor of r and 12?
12
Suppose -4*h = -5*y - 43, 16 = 4*h + 5*y + 3. Let c(m) = -7*m + 54. Let b be c(13). Let a = b - -51. Calculate the greatest common factor of a and h.
7
Suppose -360 = -59*t + 19*t. What is the greatest common factor of t and 387?
9
Let t = -6565 - -6594. What is the highest common factor of t and 116?
29
Suppose 16*w = -5*x + 19*w, -2*x + 4*w - 14 = 0. Let s be (100/x)/1 - (-108)/162. What is the highest common divisor of s and 357?
17
Let k(o) = -12*o + 52. Let l be k(4). Let r(y) = 10*y - 4. Let g be r(1). Calculate the greatest common factor of g and l.
2
Let m be (34 - 26164)*(-18)/27. Calculate the greatest common factor of 52 and m.
52
Suppose 3*x = -4*o - 101, -121 = 9*o - 4*o + 2*x. Let q(a) = -3*a - 50. Let b be q(o). Calculate the highest common factor of 209 and b.
19
Suppose -69*c - 120*c + 55800 = -3*c. Calculate the greatest common divisor of 1650 and c.
150
Let d be (-222)/(-4) - 12/(-8). Let r(c) = -38 - 6*c**2 + 3*c**2 + 4*c**2 - 16*c. Let i be r(19). What is the greatest common factor of i and d?
19
Suppose 5*p + p = 408. Suppose s - p = -3*s. Suppose -9*n = -2*h - 4*n + 44, -h + 9 = 4*n. Calculate the greatest common divisor of s and h.
17
Let b = 29947 + -19741. What is the highest common divisor of 162 and b?
162
Suppose -18880 = -q - 16*q + 9*q. Calculate the highest common divisor of 354 and q.
118
Let p be 22181/164 + 6/8. Let q = p - 103. What is the highest common factor of 88 and q?
11
Let l(v) = 7*v + 165. Let u be l(35). Let s = u + -396. Suppose 5*k - 108 + 38 = 0. Calculate the highest common divisor of k and s.
14
Suppose 110 = -18*m + 7*m. Let y be (-200)/(-14) - m/(-35). Calculate the greatest common divisor of y and 35.
7
Let g = 1525 + -1077. Let b(c) = c**3 - 76*c**2 + 152*c - 232. Let i be b(74). What is the greatest common factor of i and g?
64
Suppose -2958 = -10*x - 3*k, 2*x = -24*k + 27*k + 606. What is the highest common factor of 351 and x?
27
Suppose 10648 = 5*w - 2*a, 1388 = w - 3*a - 726. Calculate the greatest common divisor of 208 and w.
52
Suppose -12 = -t - 3*w, -4*t - 3*w = -47 + 8. Suppose 0 = 2*k + c - 3, 0*k - t = -k + c. Calculate the highest common factor of k and 64.
4
Let m(q) = -6*q**3 + 21*q**2 + 71*q - 56. Let r be m(-5). Calculate the greatest common divisor of 648 and r.
216
Suppose 3681550 - 1682189 + 1951439 = 425*n. Calculate the greatest common factor of n and 28.
28
Let g be (-796928)/(-184) + (-27)/207. Calculate the greatest common divisor of 355 and g.
71
Let n be 0 + -3 + (4 - (-5 + 3)). Suppose -10*h = -n*h - 266. Calculate the highest common divisor of h and 76.
38
Suppose 21*y - 65 = 8*y. Suppose -5*f = -y*g + 895, -4*g + 3*f = 6*f - 751. Calculate the highest common divisor of 138 and g.
46
Let n = -271 + 250. Let r = -52 - -28. Let c = n - r. Calculate the greatest common divisor of c and 27.
3
Suppose 3*o + 698 - 122 = 0. Let g be (-32)/o + 389/6. What is the greatest common divisor of 65 and g?
65
Suppose 1574506 = 33*b + 5*x, 3*b = -0*x + 4*x + 143128. What is the highest common divisor of b and 48?
48
Suppose 2*n = 5*f - 10, 0 = -3*n + 3*f - 4*f + 2. Suppose -97*j + 89*j + 448 = n. What is the highest common factor of 70 and j?
14
Suppose -598*z = -2*d - 596*z + 12, -4*d + 3*z + 23 = 0. Calculate the highest common divisor of d and 5045.
5
Suppose -2*a - 18 = -2*l, -2*a + 4 - 14 = 2*l. Let w(k) = -23*k - 157. Let m be w(a). What is the greatest common divisor of 14 and m?
2
Let i be -2 + 437/15 - 18/135. Suppose 6848 = i*a - 26632. Calculate the highest common divisor of 20 and a.
20
Suppose 3*f + 1968 = 2*u, 25*f + 4923 = 5*u + 19*f. What is the highest common divisor of 21 and u?
21
Suppose -4*l + 6*s = 2*s - 3920, 0 = 3*l + 4*s - 2947. What is the greatest common factor of 63 and l?
9
Let i be 2*(30/(-4))/3. Let l be (1 - (-1 - -15))*1*i. L